{"id":359,"date":"2020-09-05T15:53:45","date_gmt":"2020-09-05T15:53:45","guid":{"rendered":"https:\/\/rforrural.com\/?page_id=359"},"modified":"2020-09-05T15:53:45","modified_gmt":"2020-09-05T15:53:45","slug":"accueil","status":"publish","type":"page","link":"https:\/\/rforrural.com\/?page_id=359&lang=fr","title":{"rendered":"ACCUEIL"},"content":{"rendered":"<p>Nous sommes une soci\u00e9t\u00e9 nouvellement cr\u00e9\u00e9e, sp\u00e9cialis\u00e9e dans l\u2019exportation de produits grecs, qui s\u2019engage dans la commercialisation et la vente d&#8217;huile d&#8217;olive et de miel de haute qualit\u00e9.<\/p>\n<p>Concernant l&#8217;huile d&#8217;olive, nous travaillons avec des groupes de producteurs de toute la Gr\u00e8ce qui nous fournissent de l\u2019huile d&#8217;olive extra vierge. Quant au miel, nos producteurs nous fournissent du miel de pin pur, exempt de pesticides.<\/p>\n<p>Notre soci\u00e9t\u00e9, \u00e0 l&#8217;\u00e9coute des besoins de ses clients, a la capacit\u00e9 de leur fournir des produits dans la quantit\u00e9 et qualit\u00e9 qu&#8217;ils souhaitent, dans le respect des r\u00e8gles alimentaires et des dispositions l\u00e9gislatives en vigueur en Union europ\u00e9enne, ainsi que la taille d\u2019emballage souhait\u00e9e, figurant sur notre liste d&#8217;huile d&#8217;olive et de miel.<\/p>\n<p><strong>NOTRE BUT<\/strong><br \/>\nR FOR RURAL vise au meilleur service client\u00e8le possible, toujours dans le respect de ses besoins, construisant ainsi une relation de confiance mutuelle.<\/p>\n<p><strong>NOTRE VISION<\/strong><br \/>\nR FOR RURAL s\u2019est orient\u00e9e vers un d\u00e9veloppement continu, ainsi qu\u2019\u00e0 l&#8217;ajout d&#8217;autres produits agricoles \u00e0 sa liste, ayant toujours comme objectif la satisfaction de ses clients et la fourniture de produits grecs purs.<\/p>\n","protected":false},"excerpt":{"rendered":"<p>Nous sommes une soci\u00e9t\u00e9 nouvellement cr\u00e9\u00e9e, sp\u00e9cialis\u00e9e dans l\u2019exportation de produits grecs, qui s\u2019engage dans la commercialisation et la vente d&#8217;huile d&#8217;olive [&hellip;]<\/p>\n","protected":false},"author":1,"featured_media":0,"parent":0,"menu_order":0,"comment_status":"closed","ping_status":"closed","template":"page-templates\/page_fullwidth.php","meta":{"_seopress_robots_primary_cat":"","_seopress_titles_title":"","_seopress_titles_desc":"","_seopress_robots_index":"","footnotes":""},"class_list":["post-359","page","type-page","status-publish","hentry"],"_links":{"self":[{"href":"https:\/\/rforrural.com\/index.php?rest_route=\/wp\/v2\/pages\/359","targetHints":{"allow":["GET"]}}],"collection":[{"href":"https:\/\/rforrural.com\/index.php?rest_route=\/wp\/v2\/pages"}],"about":[{"href":"https:\/\/rforrural.com\/index.php?rest_route=\/wp\/v2\/types\/page"}],"author":[{"embeddable":true,"href":"https:\/\/rforrural.com\/index.php?rest_route=\/wp\/v2\/users\/1"}],"replies":[{"embeddable":true,"href":"https:\/\/rforrural.com\/index.php?rest_route=%2Fwp%2Fv2%2Fcomments&post=359"}],"version-history":[{"count":1,"href":"https:\/\/rforrural.com\/index.php?rest_route=\/wp\/v2\/pages\/359\/revisions"}],"predecessor-version":[{"id":361,"href":"https:\/\/rforrural.com\/index.php?rest_route=\/wp\/v2\/pages\/359\/revisions\/361"}],"wp:attachment":[{"href":"https:\/\/rforrural.com\/index.php?rest_route=%2Fwp%2Fv2%2Fmedia&parent=359"}],"curies":[{"name":"wp","href":"https:\/\/api.w.org\/{rel}","templated":true}]}}